se -5*h = b - f*b - 9, -5*h + 6 = -4*b. What is the units digit of b?
1
Let b(z) = z**3 - z - 3. Let j be b(2). What is the tens digit of ((-26)/j)/((28/(-108))/7)?
3
Suppose -2*z + 33 = 3*l, -l = 3*z - 5*l - 7. Let p(w) = -w**2 + 17*w - 9. What is the units digit of p(z)?
3
Let b be 18*(-5)/2*13. What is the tens digit of (-2)/(-4) + 4/((-24)/b)?
9
Let l = 1928 + -1130. What is the tens digit of l?
9
Suppose 2*d = 2*a - 21 + 101, 2*a + 4*d + 74 = 0. What is the units digit of a/2*(-10)/5?
9
Suppose 25*z + 427 = 26*z. What is the units digit of z?
7
Suppose 67 - 15 = -4*o. Let z be 8/52 - 63/o. Suppose -z*i + 0*i - 10 = 0, 4*i - 68 = -l. What is the units digit of l?
6
Let m(p) = -4*p**3 - 3*p**2 - 8*p - 9. What is the tens digit of m(-7)?
7
Suppose 28 = -4*c - 20. Let q = 13 - c. What is the units digit of 220/q - 2/(-10)?
9
Suppose c = -3 + 8. Suppose c*h + 40 = 13*h. Suppose 3*j = -i + 235, h*j + 160 = -i + 549. What is the tens digit of j?
7
What is the tens digit of (-323)/(-5 - (-390)/80)?
8
Let x(p) = -p**3 + 7*p**2 + 9*p - 9. Let o be x(8). Let f(b) = -16*b + 2. Let l be f(o). Let g = l - 8. What is the units digit of g?
0
Let f be -26 - ((6 - 4) + -6). Let i = f + 128. What is the units digit of i?
6
Let w(t) = t**3 - 6*t**2 + 2*t - 9. Let x be w(6). Let r(n) = -n + 0*n + x - 15. What is the units digit of r(-14)?
2
Suppose 6*n - 15 = -9. Let f(s) = 63*s**3 - s**2 + 3*s - 2. What is the units digit of f(n)?
3
Suppose -41 = -c + 17. Let x = -10 + 17. Suppose -5*k - c = -x*k. What is the tens digit of k?
2
Let z be 3 - (1 + -1 + -5). Suppose 5*p - z*p + 18 = 0. Let n = 13 + p. What is the tens digit of n?
1
What is the units digit of (-19)/(-19) + 1*413?
4
Let l(y) = y**3 + 38*y**2 + 71*y + 2. What is the units digit of l(-36)?
8
Suppose 19*f = 6*f - 4134. Let v = -188 - f. What is the hundreds digit of v?
1
Suppose 3*c + 17 - 5 = 0. Let h(x) = -x**3 - x**2 + 5. What is the tens digit of h(c)?
5
What is the hundreds digit of 57/95 + (-8094)/(-10)?
8
Let o be -4*(-1 + (0 - -2)). Let i be (-14)/o - (-3)/6. Suppose -n - i = -3*n. What is the units digit of n?
2
Let l be (-17 - -3)*(-1 - 1). Let y = l + 75. What is the hundreds digit of y?
1
Let s(z) = 4*z - 11. Let r(n) = 4*n - 12. Let d(c) = 5*r(c) - 6*s(c). Let f be d(5). Let y(j) = j**3 + 15*j**2 + 14*j + 17. What is the units digit of y(f)?
7
Suppose 0 = 3*q + 15, -25*s + 21*s - 5*q + 1211 = 0. What is the hundreds digit of s?
3
Suppose 11*a = 16*a - 2*x - 12372, 5*x = 3*a - 7408. What is the hundreds digit of a?
4
Suppose 33*s + 770 = 38*s. What is the units digit of s?
4
Let w be ((-2 - -1) + 2)*10. Suppose 0 = 2*l - 0*l - w, 5*b = -2*l + 205. What is the units digit of b?
9
Let l be ((-2)/(-8) - 2937/(-44)) + -1. Let k = 93 + l. What is the hundreds digit of k?
1
Suppose 4*b - 2*a = -4*a + 24, -b + 2*a = -1. Suppose -2*r - b = -3*r. Suppose v = r*v - 80. What is the units digit of v?
0
What is the hundreds digit of 3244 + -62 - (1 - 5)?
1
Suppose 4*n + 21 = 4*m - 75, 0 = -2*m - n + 39. Suppose -m*b + 25*b - 464 = 0. What is the hundreds digit of b?
1
Suppose 0 = 6*r - 10*r + 5*o - 103, 5*r - 2*o + 133 = 0. Let q = r - -66. What is the tens digit of q?
3
Let h(o) be the third derivative of o**4/24 - o**3/3 + o**2. Let b be h(4). Suppose b*d - 5*d = -39. What is the units digit of d?
3
Suppose 0 = 10*c - 9*c + 2184. What is the tens digit of (-2)/11 - (-3)/((-99)/c)?
6
Suppose -46*h + 54*h - 25304 = 0. What is the units digit of h?
3
Let x(y) = 11*y**2 - 25*y + 8. What is the hundreds digit of x(7)?
3
Let t(a) = 3*a - 6. Let p(f) = -f. Let x(u) = -6*p(u) - t(u). Let n = 36 - 31. What is the tens digit of x(n)?
2
Suppose -5*w = -13*w + 10728. What is the hundreds digit of w?
3
Let o = 63 - -4. Let m = o + -56. What is the units digit of m?
1
Suppose 1612*y + 716 = 1613*y. What is the tens digit of y?
1
Let a = -224 - -1746. What is the hundreds digit of a?
5
Let t = -12 - -19. What is the units digit of t/(-42)*-9 + 381/2?
2
Suppose -2*p - 15 = p, -p + 7 = 3*v. Suppose 639 = 5*o - v*r, 3*o = -5*r + r + 377. What is the tens digit of o?
2
Let s = 6731 + -2547. What is the thousands digit of s?
4
Suppose -4 = j - 19. Let k = j + -24. Let p = k - -22. What is the units digit of p?
3
Let k = 51 + -11. Suppose 0 = 3*v - 5*v - k. What is the units digit of ((-9)/6)/(2/v)?
5
Let q = 1676 - 1089. What is the hundreds digit of q?
5
Let k(s) = 2*s**2 + s - 125. Let j be k(0). Let q = j - -239. Suppose d - q = -2*d. What is the tens digit of d?
3
Suppose 2*n - j + 4 = 3*n, -n = -3*j + 4. What is the units digit of n + 0 - ((-4 - -1) + -102)?
7
Let f be -2 - (-4)/(4/3). Suppose -g + 2 + f = 0. Suppose g*k = 73 - 4. What is the units digit of k?
3
Let g = -1008 + 1681. What is the hundreds digit of g?
6
Suppose -6*f - f = -959. Let v = -77 + f. What is the units digit of v?
0
Let c be (-2)/(-6) - 64/(-24). Suppose -2*n + n - 898 = -5*a, c*n - 366 = -2*a. What is the units digit of a?
0
Let g be (3 - 11/3)*6. Let a be g/(-18) + (-6)/27. What is the tens digit of (a + 2 - 25)/(-1)?
2
Suppose -2*g - 7*w + 8 = -3*w, -w = 2*g - 5. Let t(j) = 18*j**2 + 2*j + 1. What is the units digit of t(g)?
7
Let l(u) = -7*u + 16. Let y(x) be the second derivative of 7*x**5/20 - x**3/3 - x**2/2 + x. Let d be y(-1). What is the tens digit of l(d)?
5
Suppose 0 = -5*x + 25, 5*a - x = -4*x + 35. Suppose 8 = a*s - 2*s. Suppose -2*b + 0*b - s*j - 18 = 0, 5*j + 21 = -4*b. What is the units digit of b?
1
Let v = -1495 + 2220. What is the hundreds digit of v?
7
Let v(x) = x**3 - 11*x**2 - 9*x + 3. Let y(i) = -i**3 + 10*i**2 + 8*i - 4. Let k(s) = 3*v(s) + 4*y(s). What is the tens digit of k(7)?
2
Suppose -4*z = -12*z + 656. What is the units digit of z?
2
Suppose -13*m = -5*m + 8. What is the units digit of (3/(-9))/(m/393)?
1
Let t = 237 + -27. What is the tens digit of t?
1
Suppose 0 = -5*a, -f = 2*a - 7*a - 2. Suppose 2*n - 2 = -2*z + f, -4*z + 7 = 5*n. Suppose 0 = 2*m + z*m - 10. What is the units digit of m?
2
Let a(z) = 4*z + 31. Let l be a(-9). Let p(h) = -11*h + 7. What is the tens digit of p(l)?
6
Let u(b) be the first derivative of b**4/4 + 3*b**3 + 4*b**2 + 2*b + 5. Let g be u(-8). What is the units digit of g/(-13) - 1338/(-78)?
7
Suppose 5*i = -l - 1 - 27, -3*l + 2*i + 1 = 0. Let f(h) = 19*h - 14. Let s(t) = -9*t + 7. Let m(r) = 2*f(r) + 5*s(r). What is the units digit of m(l)?
8
Let c = 37 - 7. Suppose -5*k + c = -385. What is the units digit of k?
3
Let u(m) = -m**3 + 7*m**2 - 5*m - 8. Suppose 0 = -4*l + 10 + 14. Let f be u(l). What is the units digit of (-79)/f + 4/8?
0
Suppose 0 = -7*f + 276 + 1159. What is the tens digit of f?
0
Let g(s) = 4*s**3 + 10*s**2 - 12*s + 21. What is the tens digit of g(5)?
1
Suppose -3*g + 12 = 2*f + f, 0 = -f + 2*g - 2. Let r be 3 + -6 + f + 21. Suppose 3*z + 3*n = 2*z + 20, -4*n + r = z. What is the tens digit of z?
2
Let b(k) = 2*k**3 + 3*k**2 + 2*k - 3. Let s be b(3). Suppose y = 12 + s. What is the units digit of y?
6
Suppose -13490 = -5*h - 5*p, -3745 = -4*h + 5*p + 7074. What is the units digit of h?
1
Let w(i) be the third derivative of -i**5/60 + 5*i**4/8 - 7*i**3/6 - 15*i**2. What is the tens digit of w(11)?
3
Let c be 4351/57 - (-2)/(-6). Suppose -5*v + 295 = 2*g, -3*g - c = -v - 0*v. What is the tens digit of v?
6
Suppose -5*z - 3*x + 31 = -346, -5*z + 353 = -3*x. Suppose 3*i - 57 = -3*m, 0 = 4*m - 0*m + i - z. Suppose -3*f = -2*f - m. What is the units digit of f?
8
Suppose 23 + 16 = 5*z + 3*o, -4*z - 3*o = -33. Suppose 0 = -4*m + d + z, 5*m + 0*d = -4*d - 3. What is the units digit of m?
1
Let t be (-1)/((-1 - -3)/2). Let i(f) be the first derivative of -8*f**2 + f - 1. What is the tens digit of i(t)?
1
Let n(l) = 7*l**2 - 15*l + 16. What is the units digit of n(-11)?
8
Suppose -16*j + 11*j + 2985 = 0. What is the tens digit of j?
9
Let n = 93 + -10. Suppose 0 = 3*a + 251 - n. What is the tens digit of (a/6)/((-5)/15)?
2
Suppose 2*u - 13 = -1. Let o(b) = -8 + 15*b**2 - 21*b - 16*b**2 + u*b. What is the units digit of o(-14)?
6
Let o(d) = d**2 + 6*d + 6. Let w be o(-7). Let p = 27 - w. What is the tens digit of p?
1
Suppose c = 2, 5*z + 4*c = 2 + 1. Let n be (4 - (0 - z)) + -3. Suppose n = 3*s + 3*s - 234. What is the units digit of s?
9
Suppose -8 = -2*t + 8. Supp